{"id":220,"date":"2023-04-19T11:34:53","date_gmt":"2023-04-19T11:34:53","guid":{"rendered":"http:\/\/qub-info.de\/?page_id=220"},"modified":"2023-04-19T11:59:23","modified_gmt":"2023-04-19T11:59:23","slug":"infos-zum-guetesiegel","status":"publish","type":"page","link":"https:\/\/qub-info.de\/?page_id=220","title":{"rendered":"Infos zum G\u00fctesiegel"},"content":{"rendered":"\n<div class=\"wp-block-media-text alignwide is-stacked-on-mobile\" style=\"grid-template-columns:16% auto\"><figure class=\"wp-block-media-text__media\"><img loading=\"lazy\" decoding=\"async\" width=\"300\" height=\"313\" src=\"https:\/\/qub-info.de\/wp-content\/uploads\/2023\/04\/cropped-QuB_Logo_WortBildMarke_cut.png\" alt=\"\" class=\"wp-image-195 size-full\" srcset=\"https:\/\/qub-info.de\/wp-content\/uploads\/2023\/04\/cropped-QuB_Logo_WortBildMarke_cut.png 300w, https:\/\/qub-info.de\/wp-content\/uploads\/2023\/04\/cropped-QuB_Logo_WortBildMarke_cut-288x300.png 288w\" sizes=\"(max-width: 300px) 100vw, 300px\" \/><\/figure><div class=\"wp-block-media-text__content\">\n<p>Die Handwerkskammer f\u00fcr Mittelfranken ist Eigent\u00fcmer dieses markenrechtlich gesch\u00fctzten G\u00fctesiegels.<\/p>\n\n\n\n<p>Unternehmen, die die Qualifikation \u201eQualit\u00e4tsverbund umweltbewusster Betriebe\u201c erlangt haben, k\u00f6nnen das G\u00fctesiegel f\u00fchren.&nbsp;<\/p>\n\n\n\n<p>Der Programmeigner gestattet der Zertifizierungsstelle die Nutzung des QuB-Logos auf deren Zertifikaten und in deren Publikationen.&nbsp;<\/p>\n<\/div><\/div>\n\n\n\n<h2><strong>Nutzung und Kontrolle des G\u00fctesiegels<\/strong><\/h2>\n<p>Das Logo darf nur von QuB-zertifizierten Unternehmen und nur w\u00e4hrend der G\u00fcltigkeitsdauer der Zertifizierung verwendet werden. Um die Eigenschaften, f\u00fcr die das Logo steht, glaubw\u00fcrdig zu vermitteln, m\u00fcssen QuB-registrierte Unternehmen folgendes beachten:\u00a0<\/p>\n<ul>\n<li>Ein QuB-zertifiziertes Unternehmen kann das Zertifizierungszeichen in allen digitalen und gedruckten Werbematerialien anbringen, wobei darauf geachtet werden muss, dass nicht unterstellt wird, dass bestimmte Produkte zertifiziert sind.\u00a0<\/li>\n<li>Es muss eine eindeutige Beziehung zwischen dem Logo und dem QuB-zertifizierten Unternehmen erkennbar sein.\u00a0<\/li>\n<li>Akkreditierungs-\/Zertifizierungsstandards und die Allgemeinen Gesch\u00e4ftsbedingungen haben Vorrang. Die Verwendung des Pr\u00fcfzeichens ist ein Recht, das vom Programmeigner bzw. von der Zertifizierungsstelle verliehen wird. Wenn die Zertifizierung entzogen oder beendet wird, muss die Verwendung aller Werbematerialien eingestellt werden, die einen Verweis auf die QuB-Zertifizierung enth\u00e4lt.\u00a0<\/li>\n<li>Die Verwendung des Zertifizierungszeichens ist ausschlie\u00dflich f\u00fcr den im Zertifikat genannten Anwendungsbereich zul\u00e4ssig.<\/li>\n<li>Die Schrift und Farben sowie die Gr\u00f6\u00dfe des Logos sind vom programmeigner vordefiniert und d\u00fcrfen nicht ver\u00e4ndert werden. Das Logo wird vom Programmeigner zur Verf\u00fcgung gestellt.<\/li>\n<\/ul>\n<p>Die angemessene Nutzung des Konformit\u00e4tszeichens wird im Rahmen des Audits durch die Zertifizierungsstelle \u00fcberwacht.<\/p>\n","protected":false},"excerpt":{"rendered":"<p>Die Handwerkskammer f\u00fcr Mittelfranken ist Eigent\u00fcmer dieses markenrechtlich gesch\u00fctzten G\u00fctesiegels. Unternehmen, die die Qualifikation \u201eQualit\u00e4tsverbund umweltbewusster Betriebe\u201c erlangt haben, k\u00f6nnen das G\u00fctesiegel f\u00fchren.&nbsp; Der Programmeigner gestattet der Zertifizierungsstelle die Nutzung des QuB-Logos auf deren Zertifikaten und in deren Publikationen.&nbsp; Nutzung und Kontrolle des G\u00fctesiegels Das Logo darf nur von QuB-zertifizierten Unternehmen und nur w\u00e4hrend der &#8230; <a title=\"Infos zum G\u00fctesiegel\" class=\"read-more\" href=\"https:\/\/qub-info.de\/?page_id=220\" aria-label=\"Mehr dazu unter Infos zum G\u00fctesiegel\">Weiterlesen<\/a><\/p>\n","protected":false},"author":1,"featured_media":0,"parent":0,"menu_order":0,"comment_status":"closed","ping_status":"closed","template":"","meta":{"footnotes":""},"_links":{"self":[{"href":"https:\/\/qub-info.de\/index.php?rest_route=\/wp\/v2\/pages\/220"}],"collection":[{"href":"https:\/\/qub-info.de\/index.php?rest_route=\/wp\/v2\/pages"}],"about":[{"href":"https:\/\/qub-info.de\/index.php?rest_route=\/wp\/v2\/types\/page"}],"author":[{"embeddable":true,"href":"https:\/\/qub-info.de\/index.php?rest_route=\/wp\/v2\/users\/1"}],"replies":[{"embeddable":true,"href":"https:\/\/qub-info.de\/index.php?rest_route=%2Fwp%2Fv2%2Fcomments&post=220"}],"version-history":[{"count":2,"href":"https:\/\/qub-info.de\/index.php?rest_route=\/wp\/v2\/pages\/220\/revisions"}],"predecessor-version":[{"id":225,"href":"https:\/\/qub-info.de\/index.php?rest_route=\/wp\/v2\/pages\/220\/revisions\/225"}],"wp:attachment":[{"href":"https:\/\/qub-info.de\/index.php?rest_route=%2Fwp%2Fv2%2Fmedia&parent=220"}],"curies":[{"name":"wp","href":"https:\/\/api.w.org\/{rel}","templated":true}]}}