{"id":102,"date":"2017-11-26T19:22:59","date_gmt":"2017-11-26T19:22:59","guid":{"rendered":"http:\/\/qub-info.de\/?page_id=102"},"modified":"2022-06-09T08:31:00","modified_gmt":"2022-06-09T08:31:00","slug":"aktuelles","status":"publish","type":"page","link":"https:\/\/qub-info.de\/?page_id=102","title":{"rendered":"Aktuelles"},"content":{"rendered":"<p><strong><span style=\"font-size: 14pt;\">BUMAP \u2013 Bayerisches Umweltmanagement und Auditprogramm<\/span><\/strong><\/p>\n<p>Nachdem das F\u00f6rderprogramm \u201eBayerisches Umweltberatungs- und Auditprogramm (BUBAP)\u201c Ende<br \/>\nMai 2016 ausgelaufen ist, hat der Freistaat Bayern ein weiteres F\u00f6rderprogramm zur Unterst\u00fctzung<br \/>\nder Einf\u00fchrung und der erstmaligen Revalidierung bzw. Rezertifizierung eines<br \/>\nUmweltmanagementsystems aufgelegt.<br \/>\nStart des neuen F\u00f6rderprogramms war der 01.01.2017. \u00dcber dieses Programm ist es m\u00f6glich,<br \/>\nfinanzielle Unterst\u00fctzung f\u00fcr die Erstzertifizierung und eine Rezertifizierung des QuB zu erhalten. Auch<br \/>\ndieses Programm ist ein F\u00f6rderangebot im Rahmen des Umweltpaktes Bayern.<br \/>\nZielsetzung ist hier, den Umweltschutz systematisch in die internen Abl\u00e4ufe der Unternehmen zu<br \/>\nintegrieren und so die betriebliche Umweltleistung kontinuierlich und nachhaltig zu verbessern.<br \/>\nAntragsberechtigt sind alle Unternehmen der gewerblichen Wirtschaft mit Sitz oder einer<br \/>\nNiederlassung in Bayern.<br \/>\nZuwendungsvoraussetzung ist die Einf\u00fchrung des Umweltmanagementsystems innerhalb einer<br \/>\nProjektgruppe mit 5 \u2013 15 Teilnehmern. Dabei sind sowohl der Projekttr\u00e4ger als auch der<br \/>\nProjektgruppenteilnehmer, also das Unternehmen, f\u00f6rderf\u00e4hig.<br \/>\nProjekttr\u00e4ger k\u00f6nnen beispielsweise Unternehmen, Innungen oder Kommunen sein. Sind f\u00fcr die<br \/>\nOrganisation der Projektgruppe zust\u00e4ndig. Insbesondere f\u00fcr die Akquise von Teilnehmern, Auswahl<br \/>\nund Beauftragung eines Beratungsunternehmens und die \u00d6ffentlichkeitsarbeit. Ausgeschlossen von<br \/>\nder Projekttr\u00e4gerschaft sind Beratungsunternehmen.<\/p>\n<p>F\u00fcr Projektgruppenteilnehmer wird der Zuschuss f\u00fcr bis zu 80 % der f\u00f6rderf\u00e4higen Kosten gew\u00e4hrt.<br \/>\nDiese werden maximal bis zu folgender H\u00f6he anerkannt:<\/p>\n<ul>\n<li>4.000 \u20ac bei der Einf\u00fchrung\/Erstzertifizierung und<\/li>\n<li>2.000 \u20ac bei einer Rezertifizierung.<\/li>\n<\/ul>\n<p>Die Antragstellung erfolgt bei der zust\u00e4ndigen Bewilligungsstelle, der Regierung von Schwaben.<\/p>\n","protected":false},"excerpt":{"rendered":"<p>BUMAP \u2013 Bayerisches Umweltmanagement und Auditprogramm Nachdem das F\u00f6rderprogramm \u201eBayerisches Umweltberatungs- und Auditprogramm (BUBAP)\u201c Ende Mai 2016 ausgelaufen ist, hat der Freistaat Bayern ein weiteres F\u00f6rderprogramm zur Unterst\u00fctzung der Einf\u00fchrung und der erstmaligen Revalidierung bzw. Rezertifizierung eines Umweltmanagementsystems aufgelegt. Start des neuen F\u00f6rderprogramms war der 01.01.2017. \u00dcber dieses Programm ist es m\u00f6glich, finanzielle Unterst\u00fctzung f\u00fcr &#8230; <a title=\"Aktuelles\" class=\"read-more\" href=\"https:\/\/qub-info.de\/?page_id=102\" aria-label=\"Mehr dazu unter Aktuelles\">Weiterlesen<\/a><\/p>\n","protected":false},"author":1,"featured_media":0,"parent":0,"menu_order":0,"comment_status":"closed","ping_status":"closed","template":"","meta":{"footnotes":""},"_links":{"self":[{"href":"https:\/\/qub-info.de\/index.php?rest_route=\/wp\/v2\/pages\/102"}],"collection":[{"href":"https:\/\/qub-info.de\/index.php?rest_route=\/wp\/v2\/pages"}],"about":[{"href":"https:\/\/qub-info.de\/index.php?rest_route=\/wp\/v2\/types\/page"}],"author":[{"embeddable":true,"href":"https:\/\/qub-info.de\/index.php?rest_route=\/wp\/v2\/users\/1"}],"replies":[{"embeddable":true,"href":"https:\/\/qub-info.de\/index.php?rest_route=%2Fwp%2Fv2%2Fcomments&post=102"}],"version-history":[{"count":4,"href":"https:\/\/qub-info.de\/index.php?rest_route=\/wp\/v2\/pages\/102\/revisions"}],"predecessor-version":[{"id":157,"href":"https:\/\/qub-info.de\/index.php?rest_route=\/wp\/v2\/pages\/102\/revisions\/157"}],"wp:attachment":[{"href":"https:\/\/qub-info.de\/index.php?rest_route=%2Fwp%2Fv2%2Fmedia&parent=102"}],"curies":[{"name":"wp","href":"https:\/\/api.w.org\/{rel}","templated":true}]}}